mainder when 1264 is divided by 254.
248
What is the remainder when 4261 is divided by 497?
285
Calculate the remainder when 3560477 is divided by 578.
575
Calculate the remainder when 1746 is divided by 152.
74
Calculate the remainder when 133068 is divided by 679.
663
What is the remainder when 20809 is divided by 1593?
100
What is the remainder when 3280 is divided by 535?
70
Calculate the remainder when 45692 is divided by 3803.
56
What is the remainder when 46890 is divided by 1267?
11
What is the remainder when 900 is divided by 447?
6
Calculate the remainder when 236575 is divided by 1908.
1891
What is the remainder when 28513 is divided by 448?
289
What is the remainder when 19628 is divided by 1785?
1778
What is the remainder when 366735 is divided by 122239?
18
What is the remainder when 1552740 is divided by 310547?
5
What is the remainder when 7915 is divided by 391?
95
What is the remainder when 5243 is divided by 256?
123
Calculate the remainder when 820 is divided by 15.
10
What is the remainder when 21741 is divided by 1351?
125
What is the remainder when 41104 is divided by 1081?
26
What is the remainder when 3108 is divided by 338?
66
Calculate the remainder when 17726 is divided by 1468.
110
What is the remainder when 120310 is divided by 216?
214
What is the remainder when 20195 is divided by 54?
53
What is the remainder when 102609 is divided by 51282?
45
Calculate the remainder when 116229 is divided by 178.
173
What is the remainder when 223 is divided by 7?
6
Calculate the remainder when 9191 is divided by 3012.
155
What is the remainder when 3997 is divided by 1327?
16
What is the remainder when 2678 is divided by 41?
13
Calculate the remainder when 271930 is divided by 1581.
1579
Calculate the remainder when 4682 is divided by 701.
476
What is the remainder when 110872 is divided by 104?
8
What is the remainder when 3456 is divided by 63?
54
Calculate the remainder when 3587 is divided by 483.
206
What is the remainder when 77804 is divided by 105?
104
Calculate the remainder when 26166 is divided by 1744.
6
Calculate the remainder when 2459 is divided by 411.
404
Calculate the remainder when 10531 is divided by 586.
569
What is the remainder when 82532 is divided by 82513?
19
Calculate the remainder when 938 is divided by 415.
108
What is the remainder when 2499911 is divided by 72?
71
What is the remainder when 62710 is divided by 134?
132
What is the remainder when 3342 is divided by 11?
9
Calculate the remainder when 270055 is divided by 81.
1
Calculate the remainder when 39881 is divided by 138.
137
What is the remainder when 48956 is divided by 301?
194
What is the remainder when 111842 is divided by 18639?
8
Calculate the remainder when 75068 is divided by 24995.
83
Calculate the remainder when 1810 is divided by 450.
10
What is the remainder when 32900 is divided by 23?
10
Calculate the remainder when 4415 is divided by 130.
125
Calculate the remainder when 34208 is divided by 329.
321
Calculate the remainder when 1607 is divided by 185.
127
What is the remainder when 135093 is divided by 237?
3
What is the remainder when 19794 is divided by 4829?
478
What is the remainder when 1538653 is divided by 409?
404
Calculate the remainder when 1781 is divided by 29.
12
What is the remainder when 29150 is divided by 12?
2
What is the remainder when 2814 is divided by 141?
135
Calculate the remainder when 15364 is divided by 89.
56
Calculate the remainder when 220 is divided by 88.
44
Calculate the remainder when 115005 is divided by 572.
33
Calculate the remainder when 2911 is divided by 188.
91
Calculate the remainder when 19023 is divided by 312.
303
What is the remainder when 13940409 is divided by 2255?
2254
What is the remainder when 77885 is divided by 1180?
5
What is the remainder when 154729 is divided by 34?
29
What is the remainder when 1584 is divided by 296?
104
Calculate the remainder when 48653 is divided by 164.
109
What is the remainder when 176997 is divided by 763?
744
What is the remainder when 9587 is divided by 2910?
857
Calculate the remainder when 4511 is divided by 3086.
1425
Calculate the remainder when 155955 is divided by 334.
311
Calculate the remainder when 9802 is divided by 37.
34
Calculate the remainder when 160661 is divided by 1071.
11
What is the remainder when 1420198 is divided by 93?
88
What is the remainder when 107237 is divided by 9739?
108
Calculate the remainder when 952400 is divided by 182.
176
Calculate the remainder when 7589 is divided by 6919.
670
Calculate the remainder when 2702 is divided by 480.
302
Calculate the remainder when 603 is divided by 89.
69
Calculate the remainder when 17409 is divided by 295.
4
What is the remainder when 278627 is divided by 16?
3
Calculate the remainder when 904762 is divided by 59.
56
What is the remainder when 30798 is divided by 17?
11
Calculate the remainder when 4097 is divided by 1887.
323
Calculate the remainder when 39775 is divided by 9940.
15
Calculate the remainder when 264659 is divided by 330.
329
Calculate the remainder when 1574 is divided by 335.
234
What is the remainder when 736856 is divided by 9?
8
What is the remainder when 26430 is divided by 1648?
62
Calculate the remainder when 433409 is divided by 363.
350
What is the remainder when 25719 is divided by 990?
969
Calculate the remainder when 27513 is divided by 86.
79
What is the remainder when 2229 is divided by 96?
21
Calculate the remainder when 17740 is divided by 8868.
4
What is the remainder when 25957 is divided by 481?
464
What is the remainder when 4616 is divided by 213?
143
Calculate the remainder when 30667 is divided by 3811.
179
Calculate the remainder when 125926 is divided by 1199.
31
Calculate the remainder when 1383 is divided by 30.
3
Calculate the remainder when 6320 is divided by 47.
22
Calculate the remainder when 164 is divided by 160.
4
What is the remainder when 538 is divided by 24?
10
Calculate the remainder when 430032 is divided by 28.
8
Calculate the remainder when 740286 is divided by 4776.
6
Calculate the remainder when 11575 is divided by 11.
3
Calculate the remainder when 2584 is divided by 434.
414
Calculate the remainder when 3376 is divided by 1064.
184
What is the remainder when 3065 is divided by 3034?
31
Calculate the remainder when 5104 is divided by 363.
22
Calculate the remainder when 15791 is divided by 97.
77
What is the remainder when 2053 is divided by 737?
579
What is the remainder when 1201676 is divided by 400554?
14
Calculate the remainder when 30122 is divided by 6021.
17
What is the remainder when 11881 is divided by 695?
66
What is the remainder when 2565541 is divided by 557?
556
What is the remainder when 84626 is divided by 434?
430
Calculate the remainder when 1056 is divided by 163.
78
Calculate the remainder when 1116 is divided by 484.
148
What is the remainder when 952696 is divided by 1152?
1144
Calculate the remainder when 1155579 is divided by 387.
384
Calculate the remainder when 53372 is divided by 152.
20
What is the remainder when 3676 is divided by 910?
36
What is the remainder when 437 is divided by 71?
11
What is the remainder when 3066 is divided by 156?
102
Calculate the remainder when 77627 is divided by 102.
5
Calculate the remainder when 2617 is divided by 69.
64
Calculate the remainder when 4255 is divided by 1909.
437
Calculate the remainder when 2968 is divided by 129.
1
What is the remainder when 24714 is divided by 2058?
18
What is the remainder when 8479 is divided by 770?
9
What is the remainder when 3704631 is divided by 282?
279
Calculate the remainder when 637291 is divided by 44.
39
Calculate the remainder when 171872 is divided by 1931.
13
What is the remainder when 21315 is divided by 7093?
36
What is the remainder when 9042 is divided by 2365?
1947
What is the remainder when 4490 is divided by 4?
2
Calculate the remainder when 10300 is divided by 28.
24
Calculate the remainder when 5860 is divided by 21.
1
Calculate the remainder when 674 is divided by 318.
38
Calculate the remainder when 4174 is divided by 765.
349
What is the remainder when 7121 is divided by 57?
53
What is the remainder when 7413 is divided by 11?
10
What is the remainder when 7214 is divided by 357